{"id":1228,"date":"2023-04-10T22:41:48","date_gmt":"2023-04-10T20:41:48","guid":{"rendered":"https:\/\/www.reinedescils-k.fr\/?post_type=product&#038;p=1228"},"modified":"2025-12-07T02:19:53","modified_gmt":"2025-12-07T01:19:53","slug":"pack-3-en-1-formation-volume-russe-cil-a-cil-et-pose-mixte-kit-inclus-a-distance","status":"publish","type":"product","link":"https:\/\/www.reinedescils-k.fr\/index.php\/produit\/pack-3-en-1-formation-volume-russe-cil-a-cil-et-pose-mixte-kit-inclus-a-distance\/","title":{"rendered":"Pack 3 en 1 : cil \u00e0 cil , mixte et volume russe + kit inclus (\u00e0 distance)"},"content":{"rendered":"<p><strong>Formation 3 en 1 \u2013 Extensions de Cils<\/strong><\/p>\n<p><strong>\u00a0<\/strong><\/p>\n<p><strong>Objectif de la formation<\/strong><\/p>\n<p><strong>Devenez experte dans la pose d\u2019extensions de cils gr\u00e2ce \u00e0 trois techniques compl\u00e9mentaires :<\/strong><\/p>\n<p><strong>\u2022 Pose volume russe<\/strong><\/p>\n<p><strong>\u2022 Pose cil \u00e0 cil<\/strong><\/p>\n<p><strong>\u2022 Pose mixte (m\u00e9lange des deux techniques)<\/strong><\/p>\n<p><strong>\u00a0<\/strong><\/p>\n<p><strong>Supports p\u00e9dagogiques<\/strong><\/p>\n<p><strong>\u2022 30 vid\u00e9os explicatives, r\u00e9parties en deux modules <\/strong><\/p>\n<p><strong>\u2022 Un livret th\u00e9orique PDF de plus de 40 pages<\/strong><\/p>\n<p><strong>\u2022 Un kit complet vous est envoy\u00e9 \u00e0 domicile et remis contre signature il vous permet de faire au moins 20 clientes pour rentabiliser rapidement votre formation<\/strong><\/p>\n<p><strong>\u2022 D\u00e8s r\u00e9ception du kit, vous recevez par e-mail l\u2019acc\u00e8s au cours th\u00e9orique et aux vid\u00e9os explicatives. <\/strong><\/p>\n<p><strong>Kim est disponible pour vous r\u00e9pondre en direct sur watsapp d\u00e8s que vous avez une question <\/strong><\/p>\n<p><strong>Vous pouvez consulter en story \u00e0 la une sur Instagram les nombreux avis positifs de nos \u00e9l\u00e8ves <\/strong>\ud83e\udd0d<\/p>\n<p><strong>\u00a0<\/strong><\/p>\n<p><strong>Accompagnement : <\/strong><\/p>\n<p><strong>La formatrice Kim est disponible via WhatsApp pour r\u00e9pondre \u00e0 toutes vos questions concernant la pratique.<\/strong><\/p>\n<p><strong>\u00a0<\/strong><\/p>\n<p><strong>Modalit\u00e9s de formation<\/strong><\/p>\n<p><strong>\u2022 La formation se d\u00e9roule enti\u00e8rement \u00e0 votre rythme, sans date limite.<\/strong><\/p>\n<p><strong>\u2022 Pour l&rsquo;\u00e9valuation <\/strong><\/p>\n<p><strong>Vous devez r\u00e9aliser la pose sur deux mod\u00e8les :<\/strong><\/p>\n<p><strong>\u2022 Un mod\u00e8le pour la technique cil \u00e0 cil<\/strong><\/p>\n<p><strong>\u2022 Un mod\u00e8le pour la technique volume russe ou la pose mixte<\/strong><\/p>\n<p><strong>\u00a0<\/strong><\/p>\n<p><strong>Obtention de l\u2019attestation de formation<\/strong><\/p>\n<p><strong>Pour valider votre formation, vous devez :<\/strong><\/p>\n<p><strong>1. Suivre et mettre en pratique la formation<\/strong><\/p>\n<p><strong>2. Nous envoyer des photos avant\/apr\u00e8s de vos deux mod\u00e8les (ou plus si vous le<\/strong><\/p>\n<p><strong>Souhaitez) <\/strong><\/p>\n<p><strong>3. Compl\u00e9ter et nous retourner le questionnaire \u00e9crit, r\u00e9alis\u00e9 \u00e0 l\u2019aide du cours <\/strong><\/p>\n<p><strong>\u00a0<\/strong><\/p>\n<p><strong>Une fois votre formation valid\u00e9e par notre formatrice, une attestation de formation nominative vous sera envoy\u00e9e par e-mail au format imprimable. Vous pourrez alors exercer le m\u00e9tier de technicienne de cils.<\/strong><\/p>\n<p><strong>\u00a0<\/strong><\/p>\n<p><strong>\u00a0<\/strong><\/p>\n<p><strong>Attention :<\/strong><\/p>\n<p><strong>\u2022 Si les poses r\u00e9alis\u00e9es ne r\u00e9pondent pas aux crit\u00e8res de qualit\u00e9, nous pourrons vous demander des photos suppl\u00e9mentaires.<\/strong><\/p>\n<p><strong>\u2022 La validation de la formation n\u00e9cessite la r\u00e9alisation des deux poses sur mod\u00e8les <\/strong><\/p>\n<p><strong>\u00a0<\/strong><\/p>\n<p><strong>Mentions l\u00e9gales et conditions particuli\u00e8res<\/strong><\/p>\n<p><strong>\u2022 Toute reproduction, distribution ou utilisation des contenus de formation sans autorisation \u00e9crite pr\u00e9alable est strictement interdite et pourra donner lieu \u00e0 des poursuites.<\/strong><\/p>\n<p><strong>\u2022 La formation, incluant des contenus d\u00e9mat\u00e9rialis\u00e9s, ne peut faire l\u2019objet ni d\u2019un remboursement ni d\u2019un \u00e9change, conform\u00e9ment aux dispositions l\u00e9gales en vigueur.<\/strong><\/p>\n<p><strong>\u2022 En vous inscrivant \u00e0 cette formation, vous acceptez nos Conditions G\u00e9n\u00e9rales de Vente ainsi que les pr\u00e9sentes modalit\u00e9s.<\/strong><\/p>\n","protected":false},"excerpt":{"rendered":"<p>Formation 3 en 1 \u2013 Extensions de Cils \u00a0 Objectif de la formation Devenez experte dans la pose d\u2019extensions de cils gr\u00e2ce \u00e0 trois techniques compl\u00e9mentaires : \u2022 Pose volume russe \u2022 Pose cil \u00e0 cil \u2022 Pose mixte (m\u00e9lange des deux techniques) \u00a0 Supports p\u00e9dagogiques \u2022 30 vid\u00e9os explicatives, r\u00e9parties en deux modules \u2022 [&hellip;]<\/p>\n","protected":false},"featured_media":2496,"template":"","meta":{"site-sidebar-layout":"default","site-content-layout":"default","ast-site-content-layout":"default","site-content-style":"default","site-sidebar-style":"default","ast-global-header-display":"","ast-banner-title-visibility":"","ast-main-header-display":"","ast-hfb-above-header-display":"","ast-hfb-below-header-display":"","ast-hfb-mobile-header-display":"","site-post-title":"","ast-breadcrumbs-content":"","ast-featured-img":"","footer-sml-layout":"","theme-transparent-header-meta":"default","adv-header-id-meta":"","stick-header-meta":"","header-above-stick-meta":"","header-main-stick-meta":"","header-below-stick-meta":"","astra-migrate-meta-layouts":"set","ast-page-background-enabled":"default","ast-page-background-meta":{"desktop":{"background-color":"var(--ast-global-color-4)","background-image":"","background-repeat":"repeat","background-position":"center center","background-size":"auto","background-attachment":"scroll","background-type":"","background-media":"","overlay-type":"","overlay-color":"","overlay-opacity":"","overlay-gradient":""},"tablet":{"background-color":"","background-image":"","background-repeat":"repeat","background-position":"center center","background-size":"auto","background-attachment":"scroll","background-type":"","background-media":"","overlay-type":"","overlay-color":"","overlay-opacity":"","overlay-gradient":""},"mobile":{"background-color":"","background-image":"","background-repeat":"repeat","background-position":"center center","background-size":"auto","background-attachment":"scroll","background-type":"","background-media":"","overlay-type":"","overlay-color":"","overlay-opacity":"","overlay-gradient":""}},"ast-content-background-meta":{"desktop":{"background-color":"var(--ast-global-color-5)","background-image":"","background-repeat":"repeat","background-position":"center center","background-size":"auto","background-attachment":"scroll","background-type":"","background-media":"","overlay-type":"","overlay-color":"","overlay-opacity":"","overlay-gradient":""},"tablet":{"background-color":"var(--ast-global-color-5)","background-image":"","background-repeat":"repeat","background-position":"center center","background-size":"auto","background-attachment":"scroll","background-type":"","background-media":"","overlay-type":"","overlay-color":"","overlay-opacity":"","overlay-gradient":""},"mobile":{"background-color":"var(--ast-global-color-5)","background-image":"","background-repeat":"repeat","background-position":"center center","background-size":"auto","background-attachment":"scroll","background-type":"","background-media":"","overlay-type":"","overlay-color":"","overlay-opacity":"","overlay-gradient":""}}},"product_brand":[],"product_cat":[26],"product_tag":[],"class_list":{"0":"post-1228","1":"product","2":"type-product","3":"status-publish","4":"has-post-thumbnail","6":"product_cat-formation-a-distance","7":"desktop-align-left","8":"tablet-align-left","9":"mobile-align-left","11":"first","12":"instock","13":"taxable","14":"shipping-taxable","15":"purchasable","16":"product-type-simple"},"_links":{"self":[{"href":"https:\/\/www.reinedescils-k.fr\/index.php\/wp-json\/wp\/v2\/product\/1228","targetHints":{"allow":["GET"]}}],"collection":[{"href":"https:\/\/www.reinedescils-k.fr\/index.php\/wp-json\/wp\/v2\/product"}],"about":[{"href":"https:\/\/www.reinedescils-k.fr\/index.php\/wp-json\/wp\/v2\/types\/product"}],"wp:featuredmedia":[{"embeddable":true,"href":"https:\/\/www.reinedescils-k.fr\/index.php\/wp-json\/wp\/v2\/media\/2496"}],"wp:attachment":[{"href":"https:\/\/www.reinedescils-k.fr\/index.php\/wp-json\/wp\/v2\/media?parent=1228"}],"wp:term":[{"taxonomy":"product_brand","embeddable":true,"href":"https:\/\/www.reinedescils-k.fr\/index.php\/wp-json\/wp\/v2\/product_brand?post=1228"},{"taxonomy":"product_cat","embeddable":true,"href":"https:\/\/www.reinedescils-k.fr\/index.php\/wp-json\/wp\/v2\/product_cat?post=1228"},{"taxonomy":"product_tag","embeddable":true,"href":"https:\/\/www.reinedescils-k.fr\/index.php\/wp-json\/wp\/v2\/product_tag?post=1228"}],"curies":[{"name":"wp","href":"https:\/\/api.w.org\/{rel}","templated":true}]}}