{"id":403,"date":"2021-09-24T00:36:24","date_gmt":"2021-09-23T22:36:24","guid":{"rendered":"https:\/\/www.reinedescils-k.fr\/?post_type=product&#038;p=403"},"modified":"2025-12-23T22:03:57","modified_gmt":"2025-12-23T21:03:57","slug":"colle-ultra-longue-tenue","status":"publish","type":"product","link":"https:\/\/www.reinedescils-k.fr\/index.php\/produit\/colle-ultra-longue-tenue\/","title":{"rendered":"Queen K colle pour extensions de cils longue tenue"},"content":{"rendered":"<p><strong>Notre colle Queen K obtient une tenue irr\u00e9prochable, texture fluide qui ne fait pas de paquets gr\u00e2ce \u00e0 sa prise rapide ! Vos points de fixation sont invisibles, Offrez une prestation de qualit\u00e9 sup\u00e9rieur \u00e0 vos clientes une bonne r\u00e9tention c\u2019est des clientes qui reviennent toujours !<\/strong><\/p>\n<p><span id=\"moreDescription\" class=\"hidden-description shown-description\" data-selector=\"os-theme-product-hidden-description\"><strong>&nbsp;Prise: entre 0,5 sc et 1 sc<\/strong><\/span><\/p>\n<p><span id=\"moreDescription\" class=\"hidden-description shown-description\" data-selector=\"os-theme-product-hidden-description\"><strong>Contenance: 5ML <\/strong><\/span><\/p>\n<p><span id=\"moreDescription\" class=\"hidden-description shown-description\" data-selector=\"os-theme-product-hidden-description\"><strong>Couleur: noire<\/strong><\/span><\/p>\n<p><strong>Cette colle est destin\u00e9e aux techniciennes expertes, avec une prise en 1 seconde, id\u00e9ale pour attacher son extension rapidement.<\/strong><\/p>\n<ul>\n<li><strong>Tenue : 6 \/7 semaines<\/strong><\/li>\n<li><strong>Peu de vapeur<\/strong><\/li>\n<li><strong>taux humidit\u00e9 id\u00e9al : 35%&nbsp;a 80%<\/strong><\/li>\n<li><strong>se conserve 6 mois ferm\u00e9 et 3 mois ouverte <\/strong><\/li>\n<li><strong>la meilleure temp\u00e9rature de travail 15 \u00e0 25 degr\u00e9 <\/strong><\/li>\n<li><strong>nouveau packaging rose !<\/strong><\/li>\n<\/ul>\n<p><strong>&nbsp;<\/strong><\/p>\n<p><strong>Nos astuces :<\/strong><\/p>\n<p><strong>Pensez \u00e0 adapter votre colle \u00e0 votre environnement de travail et ses changements.<\/strong><\/p>\n<p><strong>&nbsp;<\/strong><\/p>\n<ul>\n<li><strong>Gardez votre colle \u00e0 l\u2019abris de la chaleur dans un endroit sec<\/strong><\/li>\n<li><strong>bien secouer la colle avant chaque utilisation pendant 30 secondes<\/strong><\/li>\n<\/ul>\n<div class=\"elementor-toggle-title active\" data-tab=\"2\"><strong> Avertissements<\/strong><\/div>\n<div class=\"elementor-toggle-content elementor-clearfix\" data-tab=\"2\">\n<p><strong>Appliquez sur les cils. Tenir hors de la port\u00e9e des enfants. Ne pas ing\u00e9rer ou mettre dans les yeux. Ne pas utiliser sur les enfants. Produit \u00e0 usage professionnel uniquement<\/strong><\/p>\n<\/div>\n<p>Notre colle est formul\u00e9e pour un usage professionnel sur les cils.<\/p>\n<p>Par pr\u00e9caution, nous recommandons toujours d\u2019effectuer un test d\u2019allergie 24h avant l\u2019utilisation.<\/p>\n<p>Nous ne pouvons \u00eatre tenus responsables en cas de mauvaise utilisation ou de r\u00e9action individuelle.<\/p>\n","protected":false},"excerpt":{"rendered":"<p>Notre colle Queen K obtient une tenue irr\u00e9prochable, texture fluide qui ne fait pas de paquets gr\u00e2ce \u00e0 sa prise rapide ! Vos points de fixation sont invisibles, Offrez une prestation de qualit\u00e9 sup\u00e9rieur \u00e0 vos clientes une bonne r\u00e9tention c\u2019est des clientes qui reviennent toujours ! &nbsp;Prise: entre 0,5 sc et 1 sc Contenance: [&hellip;]<\/p>\n","protected":false},"featured_media":2192,"template":"","meta":{"site-sidebar-layout":"default","site-content-layout":"default","ast-site-content-layout":"default","site-content-style":"default","site-sidebar-style":"default","ast-global-header-display":"","ast-banner-title-visibility":"","ast-main-header-display":"","ast-hfb-above-header-display":"","ast-hfb-below-header-display":"","ast-hfb-mobile-header-display":"","site-post-title":"","ast-breadcrumbs-content":"","ast-featured-img":"","footer-sml-layout":"","theme-transparent-header-meta":"default","adv-header-id-meta":"","stick-header-meta":"","header-above-stick-meta":"","header-main-stick-meta":"","header-below-stick-meta":"","astra-migrate-meta-layouts":"set","ast-page-background-enabled":"default","ast-page-background-meta":{"desktop":{"background-color":"var(--ast-global-color-4)","background-image":"","background-repeat":"repeat","background-position":"center center","background-size":"auto","background-attachment":"scroll","background-type":"","background-media":"","overlay-type":"","overlay-color":"","overlay-opacity":"","overlay-gradient":""},"tablet":{"background-color":"","background-image":"","background-repeat":"repeat","background-position":"center center","background-size":"auto","background-attachment":"scroll","background-type":"","background-media":"","overlay-type":"","overlay-color":"","overlay-opacity":"","overlay-gradient":""},"mobile":{"background-color":"","background-image":"","background-repeat":"repeat","background-position":"center center","background-size":"auto","background-attachment":"scroll","background-type":"","background-media":"","overlay-type":"","overlay-color":"","overlay-opacity":"","overlay-gradient":""}},"ast-content-background-meta":{"desktop":{"background-color":"var(--ast-global-color-5)","background-image":"","background-repeat":"repeat","background-position":"center center","background-size":"auto","background-attachment":"scroll","background-type":"","background-media":"","overlay-type":"","overlay-color":"","overlay-opacity":"","overlay-gradient":""},"tablet":{"background-color":"var(--ast-global-color-5)","background-image":"","background-repeat":"repeat","background-position":"center center","background-size":"auto","background-attachment":"scroll","background-type":"","background-media":"","overlay-type":"","overlay-color":"","overlay-opacity":"","overlay-gradient":""},"mobile":{"background-color":"var(--ast-global-color-5)","background-image":"","background-repeat":"repeat","background-position":"center center","background-size":"auto","background-attachment":"scroll","background-type":"","background-media":"","overlay-type":"","overlay-color":"","overlay-opacity":"","overlay-gradient":""}}},"product_brand":[],"product_cat":[25],"product_tag":[],"class_list":{"0":"post-403","1":"product","2":"type-product","3":"status-publish","4":"has-post-thumbnail","6":"product_cat-produits","7":"desktop-align-left","8":"tablet-align-left","9":"mobile-align-left","11":"first","12":"instock","13":"taxable","14":"shipping-taxable","15":"purchasable","16":"product-type-simple"},"_links":{"self":[{"href":"https:\/\/www.reinedescils-k.fr\/index.php\/wp-json\/wp\/v2\/product\/403","targetHints":{"allow":["GET"]}}],"collection":[{"href":"https:\/\/www.reinedescils-k.fr\/index.php\/wp-json\/wp\/v2\/product"}],"about":[{"href":"https:\/\/www.reinedescils-k.fr\/index.php\/wp-json\/wp\/v2\/types\/product"}],"wp:featuredmedia":[{"embeddable":true,"href":"https:\/\/www.reinedescils-k.fr\/index.php\/wp-json\/wp\/v2\/media\/2192"}],"wp:attachment":[{"href":"https:\/\/www.reinedescils-k.fr\/index.php\/wp-json\/wp\/v2\/media?parent=403"}],"wp:term":[{"taxonomy":"product_brand","embeddable":true,"href":"https:\/\/www.reinedescils-k.fr\/index.php\/wp-json\/wp\/v2\/product_brand?post=403"},{"taxonomy":"product_cat","embeddable":true,"href":"https:\/\/www.reinedescils-k.fr\/index.php\/wp-json\/wp\/v2\/product_cat?post=403"},{"taxonomy":"product_tag","embeddable":true,"href":"https:\/\/www.reinedescils-k.fr\/index.php\/wp-json\/wp\/v2\/product_tag?post=403"}],"curies":[{"name":"wp","href":"https:\/\/api.w.org\/{rel}","templated":true}]}}